{"id":2169,"date":"2022-05-18T17:34:10","date_gmt":"2022-05-18T22:34:10","guid":{"rendered":"https:\/\/colchoneselencanto.com.co\/?post_type=product&#038;p=2169"},"modified":"2022-08-16T22:07:45","modified_gmt":"2022-08-17T03:07:45","slug":"futon-japones-140-en-funda","status":"publish","type":"product","link":"https:\/\/colchoneselencanto.com.co\/?product=futon-japones-140-en-funda","title":{"rendered":"Fut\u00f3n Japon\u00e9s 140 en Funda"},"content":{"rendered":"<p style=\"text-align: justify;\">Tanto si se emplea como sof\u00e1 o como cama, nuestro fut\u00f3n es pr\u00e1ctico, funcional y confortable,\u00a0 con la posibilidad de levantar un c\u00f3modo respaldo en el que puede recostarse y recargarse de\u00a0 energ\u00eda.<\/p>\n<p style=\"text-align: justify;\">Este fut\u00f3n estilo sill\u00f3n est\u00e1 hecha de pino resistente y es ideal para cualquier habitaci\u00f3n, puede te\u00f1irlo o pintarlo del color que desee. Como muchos de nuestros clientes satisfechos, tambi\u00e9n puede disfrutar de su tono natural de madera y dejarlo al descubierto. El colch\u00f3n japon\u00e9s incluido consiste en fibras largas peinadas de algod\u00f3n y poliester.<\/p>\n<p style=\"text-align: justify;\">Puede ser su cama ideal para invitados, es perfecto para combinar con un\u00a0 colch\u00f3n japones, y gracias a su tama\u00f1o y atractivo dise\u00f1o es un complemento que se adapta a gran variedad de espacios en el hogar o lugar de trabajo.<\/p>\n<p style=\"text-align: justify;\">Para m\u00e1s informaci\u00f3n no dude en ponerse en contacto con nosotros por email o tel\u00e9fono.<\/p>\n<p style=\"text-align: justify;\">A continuaci\u00f3n mostramos un v\u00eddeo para su transformaci\u00f3n de sof\u00e1 a cama y viceversa:<\/p>\n<div style=\"width: 940px;\" class=\"wp-video\"><video class=\"wp-video-shortcode\" id=\"video-2169-1\" width=\"940\" height=\"529\" loop autoplay preload=\"auto\" controls=\"controls\"><source type=\"video\/mp4\" src=\"https:\/\/colchoneselencanto.com.co\/wp-content\/uploads\/2022\/01\/futonjapon.mp4?_=1\" \/><a href=\"https:\/\/colchoneselencanto.com.co\/wp-content\/uploads\/2022\/01\/futonjapon.mp4\">https:\/\/colchoneselencanto.com.co\/wp-content\/uploads\/2022\/01\/futonjapon.mp4<\/a><\/video><\/div>\n","protected":false},"excerpt":{"rendered":"<div class=\"short-description\">\n<div style=\"text-align: justify;\">\n<div>Vers\u00e1til estructura en madera solida de Pino importado, puede transformarse f\u00e1cilmente de un sof\u00e1, a un sill\u00f3n, o a una cama. Pr\u00e1ctico, funcional y confortable. Incluye Colch\u00f3n Japon\u00e9s, hecho de fibras largas peinadas de algod\u00f3n y poliester. Se adapta perfectamente a espacios como: apartaestudios, habitaciones, salas, terrazas, lugar de trabajo, etc,. Tama\u00f1o: 100 x 200 cm.<\/div>\n<div class=\"std\"><\/div>\n<\/div>\n<div class=\"std\"><\/div>\n<\/div>\n","protected":false},"featured_media":1751,"comment_status":"open","ping_status":"closed","template":"","meta":[],"product_brand":[],"product_cat":[92,88,69,42,82],"product_tag":[152,154],"class_list":{"0":"post-2169","1":"product","2":"type-product","3":"status-publish","4":"has-post-thumbnail","6":"product_cat-bases","7":"product_cat-camas","8":"product_cat-colchones","9":"product_cat-futones","10":"product_cat-sofas","11":"product_tag-fundas","12":"product_tag-sofa-futon","14":"first","15":"instock","16":"shipping-taxable","17":"purchasable","18":"product-type-simple"},"yoast_head":"<!-- This site is optimized with the Yoast SEO Premium plugin v19.1 (Yoast SEO v27.2) - https:\/\/yoast.com\/product\/yoast-seo-premium-wordpress\/ -->\n<title>Fut\u00f3n Japon\u00e9s 140 en Funda - Colchones El Encanto &gt; Ergonom\u00eda y Confort<\/title>\n<meta name=\"robots\" content=\"index, follow, max-snippet:-1, max-image-preview:large, max-video-preview:-1\" \/>\n<link rel=\"canonical\" href=\"https:\/\/colchoneselencanto.com.co\/?product=futon-japones-140-en-funda\" \/>\n<meta property=\"og:locale\" content=\"es_ES\" \/>\n<meta property=\"og:type\" content=\"article\" \/>\n<meta property=\"og:title\" content=\"Fut\u00f3n Japon\u00e9s 140 en Funda\" \/>\n<meta property=\"og:description\" content=\"Vers\u00e1til estructura en madera solida de Pino importado, puede transformarse f\u00e1cilmente de un sof\u00e1, a un sill\u00f3n, o a una cama. Pr\u00e1ctico, funcional y confortable. Incluye Colch\u00f3n Japon\u00e9s, hecho de fibras largas peinadas de algod\u00f3n y poliester. Se adapta perfectamente a espacios como: apartaestudios, habitaciones, salas, terrazas, lugar de trabajo, etc,. Tama\u00f1o: 100 x 200 cm.\" \/>\n<meta property=\"og:url\" content=\"https:\/\/colchoneselencanto.com.co\/?product=futon-japones-140-en-funda\" \/>\n<meta property=\"og:site_name\" content=\"Colchones El Encanto &gt; Ergonom\u00eda y Confort\" \/>\n<meta property=\"article:modified_time\" content=\"2022-08-17T03:07:45+00:00\" \/>\n<meta property=\"og:image\" content=\"https:\/\/colchoneselencanto.com.co\/wp-content\/uploads\/2022\/02\/japones-140_17_funda_granate.jpg\" \/>\n\t<meta property=\"og:image:width\" content=\"1799\" \/>\n\t<meta property=\"og:image:height\" content=\"1177\" \/>\n\t<meta property=\"og:image:type\" content=\"image\/jpeg\" \/>\n<meta name=\"twitter:card\" content=\"summary_large_image\" \/>\n<meta name=\"twitter:label1\" content=\"Precio\" \/>\n\t<meta name=\"twitter:data1\" content=\"$1,890,000.00\" \/>\n\t<meta name=\"twitter:label2\" content=\"Availability\" \/>\n\t<meta name=\"twitter:data2\" content=\"In stock\" \/>\n<script type=\"application\/ld+json\" class=\"yoast-schema-graph\">{\"@context\":\"https:\/\/schema.org\",\"@graph\":[{\"@type\":\"WebPage\",\"@id\":\"https:\/\/colchoneselencanto.com.co\/?product=futon-japones-140-en-funda\",\"url\":\"https:\/\/colchoneselencanto.com.co\/?product=futon-japones-140-en-funda\",\"name\":\"Fut\u00f3n Japon\u00e9s 140 en Funda - Colchones El Encanto &gt; Ergonom\u00eda y Confort\",\"isPartOf\":{\"@id\":\"https:\/\/colchoneselencanto.com.co\/#website\"},\"primaryImageOfPage\":{\"@id\":\"https:\/\/colchoneselencanto.com.co\/?product=futon-japones-140-en-funda#primaryimage\"},\"image\":{\"@id\":\"https:\/\/colchoneselencanto.com.co\/?product=futon-japones-140-en-funda#primaryimage\"},\"thumbnailUrl\":\"https:\/\/colchoneselencanto.com.co\/wp-content\/uploads\/2022\/02\/japones-140_17_funda_granate.jpg\",\"datePublished\":\"2022-05-18T22:34:10+00:00\",\"dateModified\":\"2022-08-17T03:07:45+00:00\",\"breadcrumb\":{\"@id\":\"https:\/\/colchoneselencanto.com.co\/?product=futon-japones-140-en-funda#breadcrumb\"},\"inLanguage\":\"es-CO\",\"potentialAction\":[{\"@type\":\"ReadAction\",\"target\":[\"https:\/\/colchoneselencanto.com.co\/?product=futon-japones-140-en-funda\"]}]},{\"@type\":\"ImageObject\",\"inLanguage\":\"es-CO\",\"@id\":\"https:\/\/colchoneselencanto.com.co\/?product=futon-japones-140-en-funda#primaryimage\",\"url\":\"https:\/\/colchoneselencanto.com.co\/wp-content\/uploads\/2022\/02\/japones-140_17_funda_granate.jpg\",\"contentUrl\":\"https:\/\/colchoneselencanto.com.co\/wp-content\/uploads\/2022\/02\/japones-140_17_funda_granate.jpg\",\"width\":1799,\"height\":1177},{\"@type\":\"BreadcrumbList\",\"@id\":\"https:\/\/colchoneselencanto.com.co\/?product=futon-japones-140-en-funda#breadcrumb\",\"itemListElement\":[{\"@type\":\"ListItem\",\"position\":1,\"name\":\"Inicio\",\"item\":\"https:\/\/colchoneselencanto.com.co\/\"},{\"@type\":\"ListItem\",\"position\":2,\"name\":\"Tienda\",\"item\":\"https:\/\/colchoneselencanto.com.co\/?page_id=5\"},{\"@type\":\"ListItem\",\"position\":3,\"name\":\"Fut\u00f3n Japon\u00e9s 140 en Funda\"}]},{\"@type\":\"WebSite\",\"@id\":\"https:\/\/colchoneselencanto.com.co\/#website\",\"url\":\"https:\/\/colchoneselencanto.com.co\/\",\"name\":\"Colchones El Encanto &gt; Ergonom\u00eda y Confort\",\"description\":\"Fabricaci\u00f3n y venta de colchones, futones, camas, sof\u00e1s cama, muebles flexibles y plegables como sillones, con colch\u00f3n tipo fut\u00f3n japon\u00e9s. Especializados en materias primas como las fibras largas de algod\u00f3n peinado y maderas solidas de pino.\",\"publisher\":{\"@id\":\"https:\/\/colchoneselencanto.com.co\/#organization\"},\"potentialAction\":[{\"@type\":\"SearchAction\",\"target\":{\"@type\":\"EntryPoint\",\"urlTemplate\":\"https:\/\/colchoneselencanto.com.co\/?s={search_term_string}\"},\"query-input\":{\"@type\":\"PropertyValueSpecification\",\"valueRequired\":true,\"valueName\":\"search_term_string\"}}],\"inLanguage\":\"es-CO\"},{\"@type\":\"Organization\",\"@id\":\"https:\/\/colchoneselencanto.com.co\/#organization\",\"name\":\"Colchones El Encanto &gt; Ergonom\u00eda y Confort\",\"url\":\"https:\/\/colchoneselencanto.com.co\/\",\"logo\":{\"@type\":\"ImageObject\",\"inLanguage\":\"es-CO\",\"@id\":\"https:\/\/colchoneselencanto.com.co\/#\/schema\/logo\/image\/\",\"url\":\"https:\/\/colchoneselencanto.com.co\/wp-content\/uploads\/2022\/01\/logo2.png\",\"contentUrl\":\"https:\/\/colchoneselencanto.com.co\/wp-content\/uploads\/2022\/01\/logo2.png\",\"width\":237,\"height\":63,\"caption\":\"Colchones El Encanto &gt; Ergonom\u00eda y Confort\"},\"image\":{\"@id\":\"https:\/\/colchoneselencanto.com.co\/#\/schema\/logo\/image\/\"}}]}<\/script>\n<meta property=\"product:price:amount\" content=\"1890000.00\" \/>\n<meta property=\"product:price:currency\" content=\"COP\" \/>\n<meta property=\"og:availability\" content=\"instock\" \/>\n<meta property=\"product:availability\" content=\"instock\" \/>\n<meta property=\"product:retailer_item_id\" content=\"FJFU-01\" \/>\n<meta property=\"product:condition\" content=\"new\" \/>\n<!-- \/ Yoast SEO Premium plugin. -->","yoast_head_json":{"title":"Fut\u00f3n Japon\u00e9s 140 en Funda - Colchones El Encanto &gt; Ergonom\u00eda y Confort","robots":{"index":"index","follow":"follow","max-snippet":"max-snippet:-1","max-image-preview":"max-image-preview:large","max-video-preview":"max-video-preview:-1"},"canonical":"https:\/\/colchoneselencanto.com.co\/?product=futon-japones-140-en-funda","og_locale":"es_ES","og_type":"article","og_title":"Fut\u00f3n Japon\u00e9s 140 en Funda","og_description":"Vers\u00e1til estructura en madera solida de Pino importado, puede transformarse f\u00e1cilmente de un sof\u00e1, a un sill\u00f3n, o a una cama. Pr\u00e1ctico, funcional y confortable. Incluye Colch\u00f3n Japon\u00e9s, hecho de fibras largas peinadas de algod\u00f3n y poliester. Se adapta perfectamente a espacios como: apartaestudios, habitaciones, salas, terrazas, lugar de trabajo, etc,. Tama\u00f1o: 100 x 200 cm.","og_url":"https:\/\/colchoneselencanto.com.co\/?product=futon-japones-140-en-funda","og_site_name":"Colchones El Encanto &gt; Ergonom\u00eda y Confort","article_modified_time":"2022-08-17T03:07:45+00:00","og_image":[{"width":1799,"height":1177,"url":"https:\/\/colchoneselencanto.com.co\/wp-content\/uploads\/2022\/02\/japones-140_17_funda_granate.jpg","type":"image\/jpeg"}],"twitter_card":"summary_large_image","twitter_misc":{"Precio":"$1,890,000.00","Availability":"In stock"},"schema":{"@context":"https:\/\/schema.org","@graph":[{"@type":"WebPage","@id":"https:\/\/colchoneselencanto.com.co\/?product=futon-japones-140-en-funda","url":"https:\/\/colchoneselencanto.com.co\/?product=futon-japones-140-en-funda","name":"Fut\u00f3n Japon\u00e9s 140 en Funda - Colchones El Encanto &gt; Ergonom\u00eda y Confort","isPartOf":{"@id":"https:\/\/colchoneselencanto.com.co\/#website"},"primaryImageOfPage":{"@id":"https:\/\/colchoneselencanto.com.co\/?product=futon-japones-140-en-funda#primaryimage"},"image":{"@id":"https:\/\/colchoneselencanto.com.co\/?product=futon-japones-140-en-funda#primaryimage"},"thumbnailUrl":"https:\/\/colchoneselencanto.com.co\/wp-content\/uploads\/2022\/02\/japones-140_17_funda_granate.jpg","datePublished":"2022-05-18T22:34:10+00:00","dateModified":"2022-08-17T03:07:45+00:00","breadcrumb":{"@id":"https:\/\/colchoneselencanto.com.co\/?product=futon-japones-140-en-funda#breadcrumb"},"inLanguage":"es-CO","potentialAction":[{"@type":"ReadAction","target":["https:\/\/colchoneselencanto.com.co\/?product=futon-japones-140-en-funda"]}]},{"@type":"ImageObject","inLanguage":"es-CO","@id":"https:\/\/colchoneselencanto.com.co\/?product=futon-japones-140-en-funda#primaryimage","url":"https:\/\/colchoneselencanto.com.co\/wp-content\/uploads\/2022\/02\/japones-140_17_funda_granate.jpg","contentUrl":"https:\/\/colchoneselencanto.com.co\/wp-content\/uploads\/2022\/02\/japones-140_17_funda_granate.jpg","width":1799,"height":1177},{"@type":"BreadcrumbList","@id":"https:\/\/colchoneselencanto.com.co\/?product=futon-japones-140-en-funda#breadcrumb","itemListElement":[{"@type":"ListItem","position":1,"name":"Inicio","item":"https:\/\/colchoneselencanto.com.co\/"},{"@type":"ListItem","position":2,"name":"Tienda","item":"https:\/\/colchoneselencanto.com.co\/?page_id=5"},{"@type":"ListItem","position":3,"name":"Fut\u00f3n Japon\u00e9s 140 en Funda"}]},{"@type":"WebSite","@id":"https:\/\/colchoneselencanto.com.co\/#website","url":"https:\/\/colchoneselencanto.com.co\/","name":"Colchones El Encanto &gt; Ergonom\u00eda y Confort","description":"Fabricaci\u00f3n y venta de colchones, futones, camas, sof\u00e1s cama, muebles flexibles y plegables como sillones, con colch\u00f3n tipo fut\u00f3n japon\u00e9s. Especializados en materias primas como las fibras largas de algod\u00f3n peinado y maderas solidas de pino.","publisher":{"@id":"https:\/\/colchoneselencanto.com.co\/#organization"},"potentialAction":[{"@type":"SearchAction","target":{"@type":"EntryPoint","urlTemplate":"https:\/\/colchoneselencanto.com.co\/?s={search_term_string}"},"query-input":{"@type":"PropertyValueSpecification","valueRequired":true,"valueName":"search_term_string"}}],"inLanguage":"es-CO"},{"@type":"Organization","@id":"https:\/\/colchoneselencanto.com.co\/#organization","name":"Colchones El Encanto &gt; Ergonom\u00eda y Confort","url":"https:\/\/colchoneselencanto.com.co\/","logo":{"@type":"ImageObject","inLanguage":"es-CO","@id":"https:\/\/colchoneselencanto.com.co\/#\/schema\/logo\/image\/","url":"https:\/\/colchoneselencanto.com.co\/wp-content\/uploads\/2022\/01\/logo2.png","contentUrl":"https:\/\/colchoneselencanto.com.co\/wp-content\/uploads\/2022\/01\/logo2.png","width":237,"height":63,"caption":"Colchones El Encanto &gt; Ergonom\u00eda y Confort"},"image":{"@id":"https:\/\/colchoneselencanto.com.co\/#\/schema\/logo\/image\/"}}]},"product_price_amount":"1890000.00","product_price_currency":"COP","og_availability":"instock","product_availability":"instock","product_retailer_item_id":"FJFU-01","product_condition":"new"},"_links":{"self":[{"href":"https:\/\/colchoneselencanto.com.co\/index.php?rest_route=\/wp\/v2\/product\/2169","targetHints":{"allow":["GET"]}}],"collection":[{"href":"https:\/\/colchoneselencanto.com.co\/index.php?rest_route=\/wp\/v2\/product"}],"about":[{"href":"https:\/\/colchoneselencanto.com.co\/index.php?rest_route=\/wp\/v2\/types\/product"}],"replies":[{"embeddable":true,"href":"https:\/\/colchoneselencanto.com.co\/index.php?rest_route=%2Fwp%2Fv2%2Fcomments&post=2169"}],"wp:featuredmedia":[{"embeddable":true,"href":"https:\/\/colchoneselencanto.com.co\/index.php?rest_route=\/wp\/v2\/media\/1751"}],"wp:attachment":[{"href":"https:\/\/colchoneselencanto.com.co\/index.php?rest_route=%2Fwp%2Fv2%2Fmedia&parent=2169"}],"wp:term":[{"taxonomy":"product_brand","embeddable":true,"href":"https:\/\/colchoneselencanto.com.co\/index.php?rest_route=%2Fwp%2Fv2%2Fproduct_brand&post=2169"},{"taxonomy":"product_cat","embeddable":true,"href":"https:\/\/colchoneselencanto.com.co\/index.php?rest_route=%2Fwp%2Fv2%2Fproduct_cat&post=2169"},{"taxonomy":"product_tag","embeddable":true,"href":"https:\/\/colchoneselencanto.com.co\/index.php?rest_route=%2Fwp%2Fv2%2Fproduct_tag&post=2169"}],"curies":[{"name":"wp","href":"https:\/\/api.w.org\/{rel}","templated":true}]}}